.
-12
Let d(p) be the first derivative of -15*p**2/2 + 3*p - 7398. Give d(-3).
48
Let h(l) = 43*l**2 - 12*l - 50. Let c(i) = 20*i**2 - 6*i - 23. Let b(o) = 13*c(o) - 6*h(o). What is b(5)?
21
Suppose 0 = 6*w - 10*w + 20. Suppose w*z - 6*z - 10 = 0. Let i be (-4)/z + (-27)/(-45). Let o(x) = -2*x**2 + x. Determine o(i).
-1
Let n(k) = -2*k**2 + 110*k + 3. Let x(d) = 3*d**2 - 117*d - 2. Let p(s) = 5*n(s) + 4*x(s). What is p(-41)?
7
Let u(t) = 7*t - 1. Let k(w) = w**2 - 23*w - 22. Let m(d) = -k(d) - 4*u(d). Calculate m(0).
26
Let i(s) = 2*s - 11. Let q(v) = 15*v + 288. Let u be q(-19). Suppose 7*r = u*r - 32. Calculate i(r).
-27
Let s(l) = 52*l + 3*l**2 - 6 - 3 - 24*l - 19*l. Let t(m) = m**2 - 1. Let g(k) = -s(k) + 2*t(k). What is g(-10)?
-3
Let y(w) = 15*w + 14. Let p(f) = -6*f - 5. Let l(v) = -8*p(v) - 3*y(v). What is l(-4)?
-14
Let l be ((-1)/3)/((-5)/(-75)). Let i = 70 + -68. Let a(q) = q**2 + 3 - q**2 - q**3 + i - 6*q**2. Give a(l).
-20
Let s(n) = 285*n**2 + 2*n - 24. Let c(l) = -153*l**2 - l + 13. Let j(i) = 11*c(i) + 6*s(i). What is j(-1)?
25
Let f be 3/((-132)/(-8)) + (-6)/33. Let u(s) be the third derivative of -s**4/24 + s**3/3 - 23*s**2 - 2*s. Give u(f).
2
Let l(v) = -52 - 16 + 85524*v + 85514*v - 171030*v. Determine l(9).
4
Let y(g) be the second derivative of -g**4/12 - g**3 + 3*g**2 - 14*g. Let b = -156 - -105. Let z = b + 45. What is y(z)?
6
Let p(v) be the third derivative of -v**6/720 + v**5/6 + v**4/4 - v**3 + 4*v**2 - 9*v. Let f(a) be the second derivative of p(a). What is f(25)?
-5
Let n(z) = -88*z**3 - 8*z**2 + 7*z + 2. Let q(w) = -35*w**3 - 3*w**2 + 3*w + 1. Let f(y) = -5*n(y) + 12*q(y). Calculate f(-1).
-15
Let j(q) = 1. Let n(m) = -m + 9. Let p(u) = 2*j(u) - n(u). Let f = 33 - 41. Let g(i) = 2*i + 16. Let h be g(f). Calculate p(h).
-7
Let n(r) be the first derivative of 9*r**2/2 + 149*r - 243. Let f be n(-18). Let k(i) = i**2 + 13*i + 9. Determine k(f).
9
Suppose 24*h - 107 + 59 = 0. Let n(j) be the first derivative of h*j - 15 + 1/2*j**2. Give n(-5).
-3
Let u be (-96)/(-144) - (-106)/3. Suppose 3*d - 27 + u = 0. Let p(l) = -l**3 - l**2 + 3*l - 2. Calculate p(d).
7
Suppose -5*q + 3*q = 0. Let x = -251 - -253. Let m(c) = c**3 + 5 + 3 - 4 - 3*c**2 + 2*c**x. What is m(q)?
4
Let i(z) be the second derivative of z**5/20 - z**4/3 - 5*z**3/6 - z**2/2 + 2016*z. Determine i(5).
-1
Let k(g) = 2*g**3 + 1. Suppose 9613 = 10*s + 9623. Calculate k(s).
-1
Let p(d) be the second derivative of 2 - 1/6*d**3 + 83*d + 5/6*d**4 - d**2. Determine p(-1).
9
Let f(w) = 15*w - 7*w + 76826 - 76900. Calculate f(9).
-2
Let x(s) = -s**2 - 23*s + 38. Suppose 51*g + 51 = -1122. Calculate x(g).
38
Suppose 0 = -3*m + m + 8. Let g be (-1 + 6)*112/80. Let y(w) = 19*w - g + 26*w - 44*w. What is y(m)?
-3
Let n be 1 + -1 + 0 + 6. Let d(o) be the second derivative of o**3/6 - 3890*o. Give d(n).
6
Let f = 44 + -20. Let b = -23 + f. Let g(a) = 27*a**2 - 5*a - 11. Let c(y) = -9*y**2 + 2*y + 4. Let s(i) = -8*c(i) - 3*g(i). Calculate s(b).
-9
Let n = -66 + 78. Let z(m) = 12*m + n*m + 2 - 56*m + 28*m. Suppose -11 = -5*i - 1. Calculate z(i).
-6
Let z = 73830 - 73826. Let q(s) = 0 + 0*s + 2*s - 6. Calculate q(z).
2
Let s = -198 - -339. Let m(y) = -s*y + 6 + 2*y**2 - 7 + 142*y - 10*y**2. Give m(1).
-8
Let c(g) = -g**2 + 25*g - 57. Suppose -84*y + 2031 = 16*y - 269. Determine c(y).
-11
Let b(w) be the second derivative of -2*w**3/3 - 2*w**2 + 2*w. Let v(q) = -q**3 - q**2 + 4*q - 8. Let g be v(-3). Let i be 2/6*g + 1092/(-252). Determine b(i).
16
Let h(j) = -11*j + 7. Let x(d) = -17*d + 11. Let m(a) = -8*h(a) + 5*x(a). Let i(k) = k + 2. Let p(l) = 2*i(l) - m(l). Calculate p(-5).
10
Let g = 5 + -5. Let h(y) be the third derivative of y**4/12 - y**3/2 + 31*y**2. Let w(x) = -x. Let u(m) = -h(m) - w(m). Give u(g).
3
Suppose 0 = -5*t + 5*f + 45 - 0, 2*t = f + 18. Let s be ((-30)/18)/((-3)/t). Let y(j) = 4 - 1 - 2*j**2 - s + 4*j - 2. What is y(3)?
-10
Let q(c) = 9*c + 173. Let t = 19366 - 19384. What is q(t)?
11
Let z(j) = j**2 - 18*j + 31. Let m be z(17). Suppose -5*y - 5*c = 60, 4*y + 18 + m = 4*c. Let o(s) = s - 2. Determine o(y).
-12
Suppose 31*b - 5*b = -2*b. Let x(f) be the third derivative of 4*f**2 + 1/8*f**4 + b*f + 1/3*f**3 + 0. Give x(2).
8
Let h(d) = 9*d + 93. Let z = 3331 + -3341. What is h(z)?
3
Let i = 561 - 559. Let q(y) = -6*y + 8 - 81*y**2 + 44*y**i - y**3 + 44*y**2. What is q(6)?
8
Let i(z) = -2*z + 4. Let b(a) = 3*a**2 + 3*a - 1. Let m be b(1). Let k = 73 + -71. Suppose -k*t - 4*l + 36 = 2*t, -m*l = -5*t + 5. Give i(t).
-6
Let g(f) be the first derivative of f**3/3 - 11*f**2 + 21*f + 1531. Give g(20).
-19
Let a = -12534 + 12525. Let q(y) = -6*y + 10. What is q(a)?
64
Let p be (-3)/(176/(-60) - -3). Let t = p - -6. Let m = t + 32. Let a(j) = j + 2. Determine a(m).
-5
Let h = -795 + 753. Suppose 0*a = -5*a - 175. Let p = a - h. Let d(u) = -u + 2. Determine d(p).
-5
Let v(o) = -6*o**2 + 14*o - 3. Suppose 8*c - 366 = -350. Determine v(c).
1
Let g(t) = t**3 + 2*t**2 + 2. Let b be g(-3). Let z(f) = 0*f - 6*f + 3 + 0*f - 2*f. Let o(q) = -q**2 + 15*q - 6. Let c(u) = b*z(u) - 4*o(u). What is c(2)?
11
Let y be 16/168 - (-878)/42. Suppose -41*v + y*v = 120. Let o(b) = -b - 10. Calculate o(v).
-4
Let t = -516 + 509. Let f(i) = 43*i**2 + 38*i**2 - 7*i - 82*i**2. What is f(t)?
0
Let m(p) = p**2 - 1 - 3 + 8 - 5*p. Let q = -993 - -1142. Suppose 18*a = -77 + q. Determine m(a).
0
Let f(l) = 25*l**2 + 10*l + 8. Let p(v) = 3*v**2 + v + 1. Let t(h) = -f(h) + 9*p(h). What is t(1)?
2
Let m(h) = h**2 + 4*h + 2. Let u be (2 - 33/15)*5 + -4. Let z be m(u). Let w(y) = y - 13. Determine w(z).
-6
Let o(g) = -2*g**2 - 20*g - 1. Suppose 76 = 7*n - 16*n - 14. Calculate o(n).
-1
Suppose g = 5, -k + 12 = -2*k + 3*g. Let z be (-1)/6 - ((-24583)/78)/31. Let q(f) = -28 + 3*f**2 + z + 15 + 5 - 2*f**2 - 3*f. What is q(k)?
2
Let v(x) = 7*x - 30. Let i be (-11)/528*8 - (-220)/24. Determine v(i).
33
Let l(q) = -q**3 + 7*q**2 + 6*q + 9. Suppose 196 = 12*z - 140. Suppose -3*k + k = -z. Let w = 22 - k. Determine l(w).
-7
Let q(n) = 2*n**2 - 17*n - 433. Let w be q(-11). Let p(z) = 3*z**2 - 2*z - 2. Determine p(w).
54
Suppose 42 = -4*b + 10. Let m(r) = 2*r**2 + 10*r + 6. Let h be m(b). Suppose h*d - 59*d - 10 = 0. Let v(q) = -q**3 - 2*q**2 - q + 1. Give v(d).
3
Suppose -3*c + 7 - 4 = 0. Let r be -69 + 8 + -3 + 2/c. Let s = -61 - r. Let p(i) = 2*i**2 + i. Calculate p(s).
3
Let r = -264 - -276. Let a(q) = 60*q - r - 59*q - 1. Give a(6).
-7
Let u(c) = -c**2 - 9*c + 3. Suppose 0 = 8*p + 43 - 67. Suppose b + 5*t - p = 0, -b + 5*t - 5 = 6*t. What is u(b)?
17
Suppose 20 = -7*p + 12*p. Let q(r) = 0*r**2 - 208*r**3 + 4*r + p*r**2 + 413*r**3 - 204*r**3 + 3. Let g(f) = -f**2 + 7*f + 6. Let j be g(8). Calculate q(j).
3
Let c(r) = 2*r**3 - 20*r**2 - 24*r + 16. Let t be ((-22)/(-19))/(1082/10279). Calculate c(t).
-6
Let m(i) = i**2 - 4*i - 1. Let y(k) = 4*k - 61. Let a be y(16). Let t be m(a). Let h(n) = n + 1. Let v(b) = -10*b - 8. Let g(s) = -12*h(s) - v(s). What is g(t)?
4
Let o(c) = -1641*c + 6. Let m(l) = -2227*l + 8. Let t(z) = -14*m(z) + 19*o(z). Suppose 0 = 3*n - 0*n - 6. Give t(n).
0
Let m(n) = -2*n**3 + 35*n**2 - 73*n - 18. Let r be m(15). Let v(q) = -q**3 + 15*q**2 - 38*q + 22. Determine v(r).
-2
Let c(q) be the second derivative of q**4/12 - 5*q**3/6 + q**2/2 - 4903*q. Determine c(-3).
25
Let y(k) be the second derivative of -k**4/3 + 55*k**3/3 + 24*k**2 + 6109*k. Calculate y(28).
-8
Let b(d) = 3*d - 442. Let s(y) = 2*y - 316. Let v(t) = 5*b(t) - 7*s(t). Let a be 9/((-1)/(-2 + 3)). Calculate v(a).
-7
Let w(v) = -v**3 + 6*v**2 - 3*v + 1. Suppose 2*c - 23 + 7 = 0. Let y be c - 4 - 5 - -3. Let l = y - -1. What is w(l)?
19
Let p(l) = l**3 - 6*l**2 + 2*l - 8. Let n(m) = m**3 + m**2 + 8*m - 435. Let z be n(0). Let o = 441 + z. Determine p(o).
4
Let l be 19 + ((-880)/11)/8. Let h(p) = p**3 - 7*p**2 - 17*p - 5. What is h(l)?
4
Let o(z) = 7*z + 10. Suppose -18 = 4*y + 2*x - 252, -x + 1 = 0. Let g = 56 - y. Let q be o(g). Let r(n) = n**2 + 6*n + 2. What is r(q)?
-6
Let b(v) be the third derivative of v**4/8 + v**3/6 - 25*v**2. Let j be -8 + 0 - (-42)/7. Determine b(j).
-5
Suppose 18*q - 17*q - 4*p = -28, -3*q + 21 = 3*p. Let g(o) = o**2 + 6*o - 13. Determine g(q).
-13
Let s be 0/(-1) + 9/3. Suppose -t + 0*t + 2*h -